+ 242 - (6 + -10 - 15)
-61
-86 - (88 + -76 - 63)
-35
(-49 + 82 - 62) + -5
-34
What is the value of 8 + 0 - (394 - 374) - -20?
8
Calculate -53 - (-12 - (-2 - 1)) - (4 - (17 - 6)).
-37
(-10 - -19 - 15) + 115 + -5 + (9 - 2)
111
What is the value of -87 + -28 + 122 - (0 + -40)?
47
What is the value of 4 + 2 - (154 - (113 + 26))?
-9
What is the value of 0 + 17 - (2 + 21 + -11) - (-2 + 1)?
6
Evaluate 58 - (-9 + 2 - (-14 + -12 + 15)).
54
Calculate 11 + (-5 + (13 - 9) + -12 - -25).
23
What is the value of 85 + -124 + 61 + 10?
32
What is 2 - -2 - (45 + -36) - (3 + 80)?
-88
What is 43 + -11 + (26 - -10) + -21?
47
What is the value of 5 + 22 - 5 - 6 - (21 + -18 - 10)?
23
Evaluate 0 - (9 + (21 - (13 + -4))).
-21
(0 - 11) + 25 + -22 + 14 - 18
-12
What is -7 + 6 + (-9 - ((-10 - -10) + 0))?
-10
What is the value of 0 + 0 + -8 - (-12 + 3 - (-27 - -25))?
-1
What is the value of -9 + (1 - (-30 + 67 + -35) - (-156 + 0))?
146
Evaluate 13 - ((-2 - 1 - (41 - 40 - -2)) + 3).
16
30 + -21 + -8 - (-1 + 4) - -37 - 2
33
(-50 - -5) + 1 - (-2 + -18 + 7)
-31
What is 0 - (18 + -18) - (3 + -51) - -1?
49
What is -168 - ((-37 - -15) + -19 + 4)?
-131
Evaluate (48 - 11) + -73 - (-4 - (2 + -3)).
-33
Evaluate 29 + (-36 + 28 - 3) - (11 - 2).
9
What is the value of -10 - (17 - 14) - 36?
-49
What is the value of (-15 - (-8 - 20)) + 0 + (-4 - 10)?
-1
What is the value of 12 + 2 + -1 + (-30 - 87) + 39 + -3?
-68
What is the value of -34 - ((-119 - -61) + (-1 - 26))?
51
Calculate 19 + (-5 - -27 - ((-14 - -33) + -4)).
26
Calculate 20 - ((0 - (-12 - (-6 + 4))) + -12).
22
What is -7630 - -7602 - (-1 - 33)?
6
What is the value of (62 - (-45 + (116 - 38))) + 9?
38
What is the value of -4 + (74 - 67 - (103 + -7 + 1))?
-94
30 + (56 - 48) - 82
-44
-31 + (-21 - (1 - ((7 - 10) + 11)))
-45
45 - ((8 - -15 - 4) + -11)
37
-30 + -18 + 5 + 41
-2
What is the value of -2 - (3 + -2) - (174 + -145)?
-32
Evaluate -65 + 2 - (3 + -1 - (-1 - -11)).
-55
Calculate (-77 - (-65 - -24)) + 1.
-35
What is the value of (0 - (-24 + 1)) + -2316 + 2276 - -66?
49
(19 - 2) + -20 + (4 - -85) + -2
84
Calculate -11 + -19 + 6 - -23 - 28.
-29
What is the value of (-2 - 75) + (56 - (122 - 61))?
-82
(-2 + 1 - 2) + (146 - 145)
-2
What is -55 + 2 - (-6 - 9 - -14 - -5)?
-57
What is 46 + -7 + (31 - 23)?
47
Calculate -35 - (-47 + 56 - 24).
-20
What is (20 - (63 + -40)) + 54?
51
Evaluate -5 + (1 - (-7 - -7)) - (31 - 76).
41
What is (165 - 155 - (-26 - 2)) + -23?
15
12 + -9 + (39 - 41) - ((-1 - 3) + 121)
-116
What is the value of -45 + (-14 - (4 - 13)) + (3 - -10)?
-37
Calculate (5 + -50 - -88) + -51.
-8
24 + 2 + -1 + (457 - 462)
20
Calculate 47 - (11 + -17 - 12 - -20 - -17).
28
What is (-14 - -4) + 4 + (9 - -15) + -11 + 21?
28
What is the value of -8 - (69 + -50 - 31)?
4
Calculate 1 - (14 - -20 - -6 - -32).
-71
0 + -7 + -39 + 51 - (-4 - (-12 - 22))
-25
-103 - -143 - (14 + 8)
18
What is the value of 4 + -6 - (54 - (-5 - (4 - 6) - 5))?
-64
What is the value of (-37 - -10 - -12) + 7 - (-18 - 102)?
112
What is -39 - (134 + -115 - 30)?
-28
Evaluate 6 + -42 - (7 + -12 + -7).
-24
What is the value of (-5 - 33 - -13) + (3 - -2)?
-20
What is 91 - 93 - (8 + -1 + (-97 - -82))?
6
Evaluate -8 + 21 + 11 + -21 + 14 + -34.
-17
Evaluate 48 + -9 + (2 - -12 - (6 + -7 - 6)).
60
What is -72 + 71 + (-1 + 0 - (-28 + 0))?
26
Evaluate (-11 - 1) + (0 + -60 - (-81 - -94)).
-85
Calculate -1 + (20 - 14) + 68 + -147.
-74
Evaluate 127 - (-70 + (107 - -5)).
85
Evaluate 237 + -135 + -30 + 2.
74
-1 + 7 - (33 - (13 - (-23 - -5)))
4
What is (6 + -14 - -82) + 1 + 5 + -14?
66
What is -21 + 1 + -11 + -13 + 1 + -267 + 300?
-10
What is the value of -6 + 3 + 0 + 62 - (-41 - (-31 - 2))?
67
Evaluate 2 + -4 + 102 + (-18 - -22) + -11 + -6.
87
Evaluate 2 - 124 - (-940 - -932).
-114
Evaluate 249 - 105 - 123 - (1 - 1).
21
What is the value of (-2 - 0) + 6 + (-56 - (-72 + 31)) + 30?
19
What is (4 - -10) + 7 + -45 + 3 + 36?
15
-101 - ((-95 - -21) + 18)
-45
-2 + 7 - 3 - -52 - ((10 - 52) + 36)
60
Calculate -3 + 7 - (12 + 1) - (-21 - -40 - 29).
1
Evaluate 76 - (-7 + 51 - 80).
112
Evaluate -102 + 35 - (2 - (25 + -2)).
-46
What is the value of 36 + (31 - 7 - 66)?
-6
What is (-77 - -32) + 63 + (-11 - (3 + 0 - 5))?
9
What is the value of (46 - (-9 - -21)) + 22 + -28?
28
Evaluate -40 - (-16 - (-29 + 44)).
-9
What is (-2 - (1 + -1)) + (28 + 116 - (56 - 0))?
86
What is the value of 46 + -41 + 21 + 1 + 9 + -3?
33
Evaluate -2 - (-7 + -14 + 7 + 19).
-7
Evaluate 118 - 94 - (-8 - -54) - -82.
60
Evaluate -14 + (24 + -2 - 27 - -31) - (36 + -1).
-23
Calculate (0 + -27 - (291 - 305)) + -14 + 4.
-23
96 + -169 + (10 - -14)
-49
-134 + 79 - (-9 + -5)
-41
Evaluate (0 + (0 - -3) - 9) + (-42 + 14 - -69).
35
What is (13 - (-9 - (-22 + 13)) - -19) + 14?
46
What is the value of (7 - 21 - -22 - 5) + (5 - -63)?
71
18 + 12 + (-10 - (0 + -15))
35
10 + (-7 - -6) - (-168 - -160)
17
Calculate 10 + (7 + 4 + -4 - 27) + (-1 - -5).
-6
(5 - -26) + 16 + -37 + -36
-26
Calculate (12 - -1) + (3 - 17) + -11.
-12
Calculate (3 + -41 - -22) + 0 + (0 - -1) - -8.
-7
What is 9 - 0 - (-35 - (4 - (59 - 33)))?
22
Evaluate 22 + -16 - (-2 - ((-4 - -7 - -3) + 5)).
19
What is (257 - 257) + -2 + -1?
-3
Calculate 46 + -42 - 47 - -72.
29
What is (18 - -31) + -51 + (-4 - 12)?
-18
What is the value of -72 + (-6 - -43) - -19?
-16
-6 - (-18 + -11 - -51)
-28
What is 32 + -1 - (-10792 - -10769)?
54
What is 79 - -2 - (-2 + (-9 - -11) + 1 + 2)?
78
What is the value of (39 - (29 - 23)) + 6 + 0 + -8?
31
What is the value of 79 + 4 + (8 + -4 - -2) + 2 + -3?
88
Calculate (2 + 0 - 2) + 12 - (-9840 + 9846).
6
Calculate 13 - (-18 - -52) - (-27 - -8).
-2
What is the value of -10 - -36 - 16 - (14 - -7 - 41)?
30
What is 34 - (32 - (1 + -11 + 18)) - (1 - 29)?
38
What is -5 + (4 - -8 - -33) + -9 - -7?
38
(2 + -4 - -30) + -16 + 43 - -4
59
What is 14 + 5 - (20 - (-2 + -9 + 33))?
21
(586 + -295 - 315) + 7 + -1
-18
Calculate -22 + 11 - (-211 + 167).
33
Evaluate 34 + -92 + 37 + 4.
-17
Calculate -39 + (102 - 37 - 35) - (59 + 0 - 0).
-68
Calculate (-47 + 27 - -10) + 3 + (2 - 84).
-89
Calculate 30 - (31 + -45 - -104).
-60
Calculate 14 + (-72 - (18 - 3)).
-73
63 - 63 - (3 + (-52 + -1 - -5))
45
14 + 16 + (10 + -43 - -48)
45
What is the value of 229 - (310 + -151 - 4)?
74
What is the value of -7 + -59 + (0 - 0) + 7 + -4 + 3?
-60
Evaluate (-106 - -69) + 55 - (0 + -68).
86
What is the value of -72 - (-354 - -329 - (2 + -31))?
-76
What is -22 - 28 - (12 + (1 - 6 - -3))?
-60
What is the value of -24 + 10 - (75 - 68)?
-21
1 - 13 - (118 + -222 + 92)
0
(-33 - 8) + 62 + 23 + -2
42
What is the value of 1 + 1 + -54 - ((-34 - -23) + -4 - -29)?
-66
What is the value of -20 - 18 - (-2 + -11 + (-12 - -30))?
-43
Evaluate (-24 - -12) + 12 - (3 - -2) - 29.
-34
Calculate (1 - 42) + (48 - (44 - 44)).
7
Evaluate (5 - -1) + 0 - 0 - (556 - -343 - 887).
-6
What is the value of 11 + 25 + (64 + -73 - (2 - 12))?
37
Calculate 0 + (3 - (3 - 2) - (8 - -7)).
-13
Evaluate 12 + (2 - -7) + (-44 - 6 - 32) - 0.
-61
What is the value of -193 + 190 + (-29 - -50)?
18
What is (-269 + 278 - (1 - -18) - (9 - 26)) + 90?
97
What is 24 + -2 + (25 - -37 - 49)?
35
Calculate -14 + (39 - 20) + (1 - (-40 + -5)).
51
(-2543 - -2553) + (-32 - (-3 + 1))
-20
What is the value of (78 + -69 - -129) + -14?
124
Evaluate ((14 - 21) + 31 - (5 - 0)) + -6.
13
Calculate 0 - 8 - (1 - (17 + -13)) - 11.
-16
Calculate 0 + -26 + (-296 - -174 - -176).
28
What is (29 - -22 - -8) + -76?
-17
-66 - -48 - -90 - 16
56
What is the value of -6 + -1 + 1 + 26 + -32 + 7?
-5
-28 + (18 - 37) - -45 - (2 - -1 - 2)
-3
(103 - 49 - 140) + 7
-79
What is (2 - 6) + (-1 - -1) - (534 - 535) - -84?
81
Calculate -52 - (-30 + 56 + -46).
-32
What is the value of -36 + -69 - (-158 - -150)?
-97
-95 - -7 - (1417 - 1474)
-31
What is the value of 12 + (-28 - 4) + (3 - (-12 + 3))?
-8
Evaluate (7 - (8 + -16 + 6)) + -43.
-34
(-32 - -60) + -34 - 7
-13
What is -22 + 22 + (48 - 76)?
-28
What is -8 - (102 - 56) - -26?
-28
-24 - (-51 + -2 - (-277 - -278))
30
214 + -132 + -96 - (0 + 2 + -33)
17
Evaluate -6 - 26 - -15 - (7 + (8 - (11 + -5))).
-26
What is 4 - (-9 + 0) - (65 - (-12 - -9))?
-55
What is -3 + -60 + 5 + -3 + 30 + -18 + -25?
-74
What is the value of 78 + -91 - (13 - 16 - (-2 - (2 + 2)))?
-16
What is the value of -35 + (-6 + 13 + 36 - -20)?
28
-1 - (-27 + (83 - 19)) - 22
-6